{"id":33,"date":"2023-02-26T13:01:26","date_gmt":"2023-02-26T13:01:26","guid":{"rendered":"https:\/\/moutonsnoirs.fr\/?page_id=33"},"modified":"2023-03-09T13:02:58","modified_gmt":"2023-03-09T13:02:58","slug":"leco-paturage","status":"publish","type":"page","link":"https:\/\/moutonsnoirs.fr\/?page_id=33","title":{"rendered":"L&rsquo;\u00e9co-p\u00e2turage"},"content":{"rendered":"\t\t<div data-elementor-type=\"wp-page\" data-elementor-id=\"33\" class=\"elementor elementor-33\">\n\t\t\t\t\t\t\t\t\t<section class=\"elementor-section elementor-top-section elementor-element elementor-element-81a765b elementor-section-boxed elementor-section-height-default elementor-section-height-default\" data-id=\"81a765b\" data-element_type=\"section\">\n\t\t\t\t\t\t<div class=\"elementor-container elementor-column-gap-default\">\n\t\t\t\t\t<div class=\"elementor-column elementor-col-100 elementor-top-column elementor-element elementor-element-992d18d\" data-id=\"992d18d\" data-element_type=\"column\">\n\t\t\t<div class=\"elementor-widget-wrap elementor-element-populated\">\n\t\t\t\t\t\t\t\t<div class=\"elementor-element elementor-element-b9ca3ec elementor-widget elementor-widget-heading\" data-id=\"b9ca3ec\" data-element_type=\"widget\" data-widget_type=\"heading.default\">\n\t\t\t\t<div class=\"elementor-widget-container\">\n\t\t\t<style>\/*! elementor - v3.11.3 - 07-03-2023 *\/\n.elementor-heading-title{padding:0;margin:0;line-height:1}.elementor-widget-heading .elementor-heading-title[class*=elementor-size-]>a{color:inherit;font-size:inherit;line-height:inherit}.elementor-widget-heading .elementor-heading-title.elementor-size-small{font-size:15px}.elementor-widget-heading .elementor-heading-title.elementor-size-medium{font-size:19px}.elementor-widget-heading .elementor-heading-title.elementor-size-large{font-size:29px}.elementor-widget-heading .elementor-heading-title.elementor-size-xl{font-size:39px}.elementor-widget-heading .elementor-heading-title.elementor-size-xxl{font-size:59px}<\/style><h2 class=\"elementor-heading-title elementor-size-default\">L\u2019\u00c9CO-P\u00c2TURAGE<\/h2>\t\t<\/div>\n\t\t\t\t<\/div>\n\t\t\t\t\t<\/div>\n\t\t<\/div>\n\t\t\t\t\t\t\t<\/div>\n\t\t<\/section>\n\t\t\t\t<section class=\"elementor-section elementor-top-section elementor-element elementor-element-f55da86 elementor-section-boxed elementor-section-height-default elementor-section-height-default\" data-id=\"f55da86\" data-element_type=\"section\">\n\t\t\t\t\t\t<div class=\"elementor-container elementor-column-gap-default\">\n\t\t\t\t\t<div class=\"elementor-column elementor-col-100 elementor-top-column elementor-element elementor-element-cf26a1f\" data-id=\"cf26a1f\" data-element_type=\"column\">\n\t\t\t<div class=\"elementor-widget-wrap elementor-element-populated\">\n\t\t\t\t\t\t\t\t<section class=\"elementor-section elementor-inner-section elementor-element elementor-element-8147211 elementor-section-height-min-height elementor-section-boxed elementor-section-height-default\" data-id=\"8147211\" data-element_type=\"section\">\n\t\t\t\t\t\t<div class=\"elementor-container elementor-column-gap-wide\">\n\t\t\t\t\t<div class=\"elementor-column elementor-col-50 elementor-inner-column elementor-element elementor-element-94fc69b\" data-id=\"94fc69b\" data-element_type=\"column\">\n\t\t\t<div class=\"elementor-widget-wrap elementor-element-populated\">\n\t\t\t\t\t\t\t\t<div class=\"elementor-element elementor-element-8489332 elementor-widget elementor-widget-text-editor\" data-id=\"8489332\" data-element_type=\"widget\" data-widget_type=\"text-editor.default\">\n\t\t\t\t<div class=\"elementor-widget-container\">\n\t\t\t<style>\/*! elementor - v3.11.3 - 07-03-2023 *\/\n.elementor-widget-text-editor.elementor-drop-cap-view-stacked .elementor-drop-cap{background-color:#818a91;color:#fff}.elementor-widget-text-editor.elementor-drop-cap-view-framed .elementor-drop-cap{color:#818a91;border:3px solid;background-color:transparent}.elementor-widget-text-editor:not(.elementor-drop-cap-view-default) .elementor-drop-cap{margin-top:8px}.elementor-widget-text-editor:not(.elementor-drop-cap-view-default) .elementor-drop-cap-letter{width:1em;height:1em}.elementor-widget-text-editor .elementor-drop-cap{float:left;text-align:center;line-height:1;font-size:50px}.elementor-widget-text-editor .elementor-drop-cap-letter{display:inline-block}<\/style>\t\t\t\t<p><span style=\"font-style: inherit; font-weight: inherit; background-color: var(--ast-global-color-5);\">L\u2019\u00e9co-p\u00e2turage est une alternative \u00e9cologique au d\u00e9sherbage m\u00e9canique.\u00a0<\/span><span style=\"font-style: inherit; font-weight: inherit; background-color: var(--ast-global-color-5);\">En faisant p\u00e2turer des espaces verts par des moutons d\u2019Ouessant\u00a0:<\/span><\/p><ul><li>on favorise la <strong>biodiversit\u00e9<\/strong> (insectes, oiseaux)\u00a0;<\/li><li>on limite les nuisances sonores et les <strong>impacts environnementaux<\/strong> (moins d\u2019\u00e9missions de CO2)\u00a0;<\/li><li>on contribue \u00e0 la <strong>sauvegarde de races menac\u00e9es<\/strong>\u00a0;<\/li><li>et, pour ceux qui en seraient \u00e9loign\u00e9s, on renoue le <strong>contact avec la nature<\/strong>.<\/li><\/ul><p><span style=\"font-style: inherit; font-weight: inherit; background-color: var(--ast-global-color-5);\">L\u2019\u00e9co-p\u00e2turage s&rsquo;adresse \u00e0 tout le monde : entreprises, collectivit\u00e9s, particuliers, d\u00e8s lors qu&rsquo;il y a au moins 2 000 m2 de terrain.<\/span><\/p>\t\t\t\t\t\t<\/div>\n\t\t\t\t<\/div>\n\t\t\t\t\t<\/div>\n\t\t<\/div>\n\t\t\t\t<div class=\"elementor-column elementor-col-50 elementor-inner-column elementor-element elementor-element-65e7a8e\" data-id=\"65e7a8e\" data-element_type=\"column\" data-settings=\"{&quot;background_background&quot;:&quot;classic&quot;}\">\n\t\t\t<div class=\"elementor-widget-wrap elementor-element-populated\">\n\t\t\t\t\t\t\t\t<div class=\"elementor-element elementor-element-bbbd4cb elementor-widget elementor-widget-text-editor\" data-id=\"bbbd4cb\" data-element_type=\"widget\" data-widget_type=\"text-editor.default\">\n\t\t\t\t<div class=\"elementor-widget-container\">\n\t\t\t\t\t\t\t<p><br><\/p><p><br><\/p><p><br><\/p><p><br><\/p><p><br><\/p><p><br><\/p><p>Nos moutons sont particuli\u00e8rement adapt\u00e9s \u00e0 l&rsquo;entretien de zones compliqu\u00e9es, comme les espaces pentus ou les bassins de r\u00e9tention, car ils ont un faible poids.<\/p>\t\t\t\t\t\t<\/div>\n\t\t\t\t<\/div>\n\t\t\t\t\t<\/div>\n\t\t<\/div>\n\t\t\t\t\t\t\t<\/div>\n\t\t<\/section>\n\t\t\t\t\t<\/div>\n\t\t<\/div>\n\t\t\t\t\t\t\t<\/div>\n\t\t<\/section>\n\t\t\t\t<section class=\"elementor-section elementor-top-section elementor-element elementor-element-5303075 elementor-section-boxed elementor-section-height-default elementor-section-height-default\" data-id=\"5303075\" data-element_type=\"section\">\n\t\t\t\t\t\t<div class=\"elementor-container elementor-column-gap-wide\">\n\t\t\t\t\t<div class=\"elementor-column elementor-col-100 elementor-top-column elementor-element elementor-element-c6b16ab\" data-id=\"c6b16ab\" data-element_type=\"column\">\n\t\t\t<div class=\"elementor-widget-wrap elementor-element-populated\">\n\t\t\t\t\t\t\t\t<div class=\"elementor-element elementor-element-8530537 elementor-widget elementor-widget-heading\" data-id=\"8530537\" data-element_type=\"widget\" data-widget_type=\"heading.default\">\n\t\t\t\t<div class=\"elementor-widget-container\">\n\t\t\t<h2 class=\"elementor-heading-title elementor-size-default\">Chez les Moutons noirs<\/h2>\t\t<\/div>\n\t\t\t\t<\/div>\n\t\t\t\t\t<\/div>\n\t\t<\/div>\n\t\t\t\t\t\t\t<\/div>\n\t\t<\/section>\n\t\t\t\t<section class=\"elementor-section elementor-top-section elementor-element elementor-element-9b8bb3c elementor-section-boxed elementor-section-height-default elementor-section-height-default\" data-id=\"9b8bb3c\" data-element_type=\"section\">\n\t\t\t\t\t\t<div class=\"elementor-container elementor-column-gap-wide\">\n\t\t\t\t\t<div class=\"elementor-column elementor-col-33 elementor-top-column elementor-element elementor-element-bb70514\" data-id=\"bb70514\" data-element_type=\"column\">\n\t\t\t<div class=\"elementor-widget-wrap elementor-element-populated\">\n\t\t\t\t\t\t\t\t<div class=\"elementor-element elementor-element-6de4977 elementor-widget elementor-widget-text-editor\" data-id=\"6de4977\" data-element_type=\"widget\" data-widget_type=\"text-editor.default\">\n\t\t\t\t<div class=\"elementor-widget-container\">\n\t\t\t\t\t\t\t<p class=\"p1\"><b>Les moutons restent \u00e0 l\u2019ext\u00e9rieur toute l\u2019ann\u00e9e<\/b>.<br \/>En effet, leur caract\u00e8re rustique et leur toison de laine tr\u00e8s \u00e9paisse leur permet de supporter le gel, la neige et la pluie tout en restant bien au chaud. Ils dorment rarement dans leur cabane.<\/p>\t\t\t\t\t\t<\/div>\n\t\t\t\t<\/div>\n\t\t\t\t\t<\/div>\n\t\t<\/div>\n\t\t\t\t<div class=\"elementor-column elementor-col-33 elementor-top-column elementor-element elementor-element-072ea2e\" data-id=\"072ea2e\" data-element_type=\"column\">\n\t\t\t<div class=\"elementor-widget-wrap elementor-element-populated\">\n\t\t\t\t\t\t\t\t<div class=\"elementor-element elementor-element-227850d elementor-widget elementor-widget-text-editor\" data-id=\"227850d\" data-element_type=\"widget\" data-widget_type=\"text-editor.default\">\n\t\t\t\t<div class=\"elementor-widget-container\">\n\t\t\t\t\t\t\t<p class=\"p2\"><b>Les agneaux joue<\/b><strong>nt !<\/strong><br \/>Je leur installe des billes de bois afin de d\u00e9velopper leur motricit\u00e9 et leur go\u00fbt pour l\u2019escalade.<\/p>\t\t\t\t\t\t<\/div>\n\t\t\t\t<\/div>\n\t\t\t\t\t<\/div>\n\t\t<\/div>\n\t\t\t\t<div class=\"elementor-column elementor-col-33 elementor-top-column elementor-element elementor-element-b315322\" data-id=\"b315322\" data-element_type=\"column\">\n\t\t\t<div class=\"elementor-widget-wrap elementor-element-populated\">\n\t\t\t\t\t\t\t\t<div class=\"elementor-element elementor-element-fd9cc42 elementor-widget elementor-widget-text-editor\" data-id=\"fd9cc42\" data-element_type=\"widget\" data-widget_type=\"text-editor.default\">\n\t\t\t\t<div class=\"elementor-widget-container\">\n\t\t\t\t\t\t\t<p class=\"p2\"><b>Les moutons sont soign\u00e9s avec des traitements pr\u00e9ventifs<\/b><br \/>\u00e0 base de plantes et d\u2019huiles essentielles.<\/p>\t\t\t\t\t\t<\/div>\n\t\t\t\t<\/div>\n\t\t\t\t\t<\/div>\n\t\t<\/div>\n\t\t\t\t\t\t\t<\/div>\n\t\t<\/section>\n\t\t\t\t\t\t\t<\/div>\n\t\t","protected":false},"excerpt":{"rendered":"<p>L\u2019\u00c9CO-P\u00c2TURAGE L\u2019\u00e9co-p\u00e2turage est une alternative \u00e9cologique au d\u00e9sherbage m\u00e9canique.\u00a0En faisant p\u00e2turer des espaces verts par des moutons d\u2019Ouessant\u00a0: on favorise la biodiversit\u00e9 (insectes, oiseaux)\u00a0; on limite les nuisances sonores et les impacts environnementaux (moins d\u2019\u00e9missions de CO2)\u00a0; on contribue \u00e0 la sauvegarde de races menac\u00e9es\u00a0; et, pour ceux qui en seraient \u00e9loign\u00e9s, on renoue le &hellip;<\/p>\n<p class=\"read-more\"> <a class=\"\" href=\"https:\/\/moutonsnoirs.fr\/?page_id=33\"> <span class=\"screen-reader-text\">L&rsquo;\u00e9co-p\u00e2turage<\/span> Lire la suite\u00a0\u00bb<\/a><\/p>\n","protected":false},"author":1,"featured_media":0,"parent":0,"menu_order":0,"comment_status":"closed","ping_status":"closed","template":"","meta":{"site-sidebar-layout":"no-sidebar","site-content-layout":"page-builder","ast-global-header-display":"","ast-main-header-display":"","ast-hfb-above-header-display":"","ast-hfb-below-header-display":"","ast-hfb-mobile-header-display":"","site-post-title":"disabled","ast-breadcrumbs-content":"","ast-featured-img":"disabled","footer-sml-layout":"","theme-transparent-header-meta":"","adv-header-id-meta":"","stick-header-meta":"","header-above-stick-meta":"","header-main-stick-meta":"","header-below-stick-meta":""},"yoast_head":"<!-- This site is optimized with the Yoast SEO plugin v20.8 - https:\/\/yoast.com\/wordpress\/plugins\/seo\/ -->\n<title>L&#039;\u00e9co-p\u00e2turage - Moutons noirs<\/title>\n<meta name=\"robots\" content=\"index, follow, max-snippet:-1, max-image-preview:large, max-video-preview:-1\" \/>\n<link rel=\"canonical\" href=\"https:\/\/moutonsnoirs.fr\/?page_id=33\" \/>\n<meta property=\"og:locale\" content=\"fr_FR\" \/>\n<meta property=\"og:type\" content=\"article\" \/>\n<meta property=\"og:title\" content=\"L&#039;\u00e9co-p\u00e2turage - Moutons noirs\" \/>\n<meta property=\"og:description\" content=\"L\u2019\u00c9CO-P\u00c2TURAGE L\u2019\u00e9co-p\u00e2turage est une alternative \u00e9cologique au d\u00e9sherbage m\u00e9canique.\u00a0En faisant p\u00e2turer des espaces verts par des moutons d\u2019Ouessant\u00a0: on favorise la biodiversit\u00e9 (insectes, oiseaux)\u00a0; on limite les nuisances sonores et les impacts environnementaux (moins d\u2019\u00e9missions de CO2)\u00a0; on contribue \u00e0 la sauvegarde de races menac\u00e9es\u00a0; et, pour ceux qui en seraient \u00e9loign\u00e9s, on renoue le &hellip; L&rsquo;\u00e9co-p\u00e2turage Lire la suite\u00a0\u00bb\" \/>\n<meta property=\"og:url\" content=\"https:\/\/moutonsnoirs.fr\/?page_id=33\" \/>\n<meta property=\"og:site_name\" content=\"Moutons noirs\" \/>\n<meta property=\"article:publisher\" content=\"https:\/\/www.facebook.com\/lesmoutonsnoirsdenico35\" \/>\n<meta property=\"article:modified_time\" content=\"2023-03-09T13:02:58+00:00\" \/>\n<meta property=\"og:image\" content=\"https:\/\/moutonsnoirs.fr\/wp-content\/uploads\/2023\/02\/MoutonsNoirs_logo_petit-e1677429722144.png\" \/>\n\t<meta property=\"og:image:width\" content=\"200\" \/>\n\t<meta property=\"og:image:height\" content=\"99\" \/>\n\t<meta property=\"og:image:type\" content=\"image\/png\" \/>\n<meta name=\"twitter:card\" content=\"summary_large_image\" \/>\n<meta name=\"twitter:label1\" content=\"Dur\u00e9e de lecture estim\u00e9e\" \/>\n\t<meta name=\"twitter:data1\" content=\"1 minute\" \/>\n<script type=\"application\/ld+json\" class=\"yoast-schema-graph\">{\"@context\":\"https:\/\/schema.org\",\"@graph\":[{\"@type\":\"WebPage\",\"@id\":\"https:\/\/moutonsnoirs.fr\/?page_id=33\",\"url\":\"https:\/\/moutonsnoirs.fr\/?page_id=33\",\"name\":\"L'\u00e9co-p\u00e2turage - Moutons noirs\",\"isPartOf\":{\"@id\":\"https:\/\/moutonsnoirs.fr\/#website\"},\"datePublished\":\"2023-02-26T13:01:26+00:00\",\"dateModified\":\"2023-03-09T13:02:58+00:00\",\"breadcrumb\":{\"@id\":\"https:\/\/moutonsnoirs.fr\/?page_id=33#breadcrumb\"},\"inLanguage\":\"fr-FR\",\"potentialAction\":[{\"@type\":\"ReadAction\",\"target\":[\"https:\/\/moutonsnoirs.fr\/?page_id=33\"]}]},{\"@type\":\"BreadcrumbList\",\"@id\":\"https:\/\/moutonsnoirs.fr\/?page_id=33#breadcrumb\",\"itemListElement\":[{\"@type\":\"ListItem\",\"position\":1,\"name\":\"Accueil\",\"item\":\"https:\/\/moutonsnoirs.fr\/\"},{\"@type\":\"ListItem\",\"position\":2,\"name\":\"L&rsquo;\u00e9co-p\u00e2turage\"}]},{\"@type\":\"WebSite\",\"@id\":\"https:\/\/moutonsnoirs.fr\/#website\",\"url\":\"https:\/\/moutonsnoirs.fr\/\",\"name\":\"Moutons noirs\",\"description\":\"L&#039;entretien \u00e9cologique de vos espaces verts gr\u00e2ce \u00e0 l&#039;\u00e9co-paturage\",\"publisher\":{\"@id\":\"https:\/\/moutonsnoirs.fr\/#organization\"},\"potentialAction\":[{\"@type\":\"SearchAction\",\"target\":{\"@type\":\"EntryPoint\",\"urlTemplate\":\"https:\/\/moutonsnoirs.fr\/?s={search_term_string}\"},\"query-input\":\"required name=search_term_string\"}],\"inLanguage\":\"fr-FR\"},{\"@type\":\"Organization\",\"@id\":\"https:\/\/moutonsnoirs.fr\/#organization\",\"name\":\"Moutons noirs\",\"alternateName\":\"Nicolas Lefebure\",\"url\":\"https:\/\/moutonsnoirs.fr\/\",\"logo\":{\"@type\":\"ImageObject\",\"inLanguage\":\"fr-FR\",\"@id\":\"https:\/\/moutonsnoirs.fr\/#\/schema\/logo\/image\/\",\"url\":\"https:\/\/moutonsnoirs.fr\/wp-content\/uploads\/2023\/02\/MoutonsNoirs_logo_petit-e1677429722144.png\",\"contentUrl\":\"https:\/\/moutonsnoirs.fr\/wp-content\/uploads\/2023\/02\/MoutonsNoirs_logo_petit-e1677429722144.png\",\"width\":200,\"height\":99,\"caption\":\"Moutons noirs\"},\"image\":{\"@id\":\"https:\/\/moutonsnoirs.fr\/#\/schema\/logo\/image\/\"},\"sameAs\":[\"https:\/\/www.facebook.com\/lesmoutonsnoirsdenico35\"]}]}<\/script>\n<!-- \/ Yoast SEO plugin. -->","yoast_head_json":{"title":"L'\u00e9co-p\u00e2turage - Moutons noirs","robots":{"index":"index","follow":"follow","max-snippet":"max-snippet:-1","max-image-preview":"max-image-preview:large","max-video-preview":"max-video-preview:-1"},"canonical":"https:\/\/moutonsnoirs.fr\/?page_id=33","og_locale":"fr_FR","og_type":"article","og_title":"L'\u00e9co-p\u00e2turage - Moutons noirs","og_description":"L\u2019\u00c9CO-P\u00c2TURAGE L\u2019\u00e9co-p\u00e2turage est une alternative \u00e9cologique au d\u00e9sherbage m\u00e9canique.\u00a0En faisant p\u00e2turer des espaces verts par des moutons d\u2019Ouessant\u00a0: on favorise la biodiversit\u00e9 (insectes, oiseaux)\u00a0; on limite les nuisances sonores et les impacts environnementaux (moins d\u2019\u00e9missions de CO2)\u00a0; on contribue \u00e0 la sauvegarde de races menac\u00e9es\u00a0; et, pour ceux qui en seraient \u00e9loign\u00e9s, on renoue le &hellip; L&rsquo;\u00e9co-p\u00e2turage Lire la suite\u00a0\u00bb","og_url":"https:\/\/moutonsnoirs.fr\/?page_id=33","og_site_name":"Moutons noirs","article_publisher":"https:\/\/www.facebook.com\/lesmoutonsnoirsdenico35","article_modified_time":"2023-03-09T13:02:58+00:00","og_image":[{"width":200,"height":99,"url":"https:\/\/moutonsnoirs.fr\/wp-content\/uploads\/2023\/02\/MoutonsNoirs_logo_petit-e1677429722144.png","type":"image\/png"}],"twitter_card":"summary_large_image","twitter_misc":{"Dur\u00e9e de lecture estim\u00e9e":"1 minute"},"schema":{"@context":"https:\/\/schema.org","@graph":[{"@type":"WebPage","@id":"https:\/\/moutonsnoirs.fr\/?page_id=33","url":"https:\/\/moutonsnoirs.fr\/?page_id=33","name":"L'\u00e9co-p\u00e2turage - Moutons noirs","isPartOf":{"@id":"https:\/\/moutonsnoirs.fr\/#website"},"datePublished":"2023-02-26T13:01:26+00:00","dateModified":"2023-03-09T13:02:58+00:00","breadcrumb":{"@id":"https:\/\/moutonsnoirs.fr\/?page_id=33#breadcrumb"},"inLanguage":"fr-FR","potentialAction":[{"@type":"ReadAction","target":["https:\/\/moutonsnoirs.fr\/?page_id=33"]}]},{"@type":"BreadcrumbList","@id":"https:\/\/moutonsnoirs.fr\/?page_id=33#breadcrumb","itemListElement":[{"@type":"ListItem","position":1,"name":"Accueil","item":"https:\/\/moutonsnoirs.fr\/"},{"@type":"ListItem","position":2,"name":"L&rsquo;\u00e9co-p\u00e2turage"}]},{"@type":"WebSite","@id":"https:\/\/moutonsnoirs.fr\/#website","url":"https:\/\/moutonsnoirs.fr\/","name":"Moutons noirs","description":"L&#039;entretien \u00e9cologique de vos espaces verts gr\u00e2ce \u00e0 l&#039;\u00e9co-paturage","publisher":{"@id":"https:\/\/moutonsnoirs.fr\/#organization"},"potentialAction":[{"@type":"SearchAction","target":{"@type":"EntryPoint","urlTemplate":"https:\/\/moutonsnoirs.fr\/?s={search_term_string}"},"query-input":"required name=search_term_string"}],"inLanguage":"fr-FR"},{"@type":"Organization","@id":"https:\/\/moutonsnoirs.fr\/#organization","name":"Moutons noirs","alternateName":"Nicolas Lefebure","url":"https:\/\/moutonsnoirs.fr\/","logo":{"@type":"ImageObject","inLanguage":"fr-FR","@id":"https:\/\/moutonsnoirs.fr\/#\/schema\/logo\/image\/","url":"https:\/\/moutonsnoirs.fr\/wp-content\/uploads\/2023\/02\/MoutonsNoirs_logo_petit-e1677429722144.png","contentUrl":"https:\/\/moutonsnoirs.fr\/wp-content\/uploads\/2023\/02\/MoutonsNoirs_logo_petit-e1677429722144.png","width":200,"height":99,"caption":"Moutons noirs"},"image":{"@id":"https:\/\/moutonsnoirs.fr\/#\/schema\/logo\/image\/"},"sameAs":["https:\/\/www.facebook.com\/lesmoutonsnoirsdenico35"]}]}},"_links":{"self":[{"href":"https:\/\/moutonsnoirs.fr\/index.php?rest_route=\/wp\/v2\/pages\/33"}],"collection":[{"href":"https:\/\/moutonsnoirs.fr\/index.php?rest_route=\/wp\/v2\/pages"}],"about":[{"href":"https:\/\/moutonsnoirs.fr\/index.php?rest_route=\/wp\/v2\/types\/page"}],"author":[{"embeddable":true,"href":"https:\/\/moutonsnoirs.fr\/index.php?rest_route=\/wp\/v2\/users\/1"}],"replies":[{"embeddable":true,"href":"https:\/\/moutonsnoirs.fr\/index.php?rest_route=%2Fwp%2Fv2%2Fcomments&post=33"}],"version-history":[{"count":38,"href":"https:\/\/moutonsnoirs.fr\/index.php?rest_route=\/wp\/v2\/pages\/33\/revisions"}],"predecessor-version":[{"id":460,"href":"https:\/\/moutonsnoirs.fr\/index.php?rest_route=\/wp\/v2\/pages\/33\/revisions\/460"}],"wp:attachment":[{"href":"https:\/\/moutonsnoirs.fr\/index.php?rest_route=%2Fwp%2Fv2%2Fmedia&parent=33"}],"curies":[{"name":"wp","href":"https:\/\/api.w.org\/{rel}","templated":true}]}}